000000001011011
In base 12, what is 2 - 579674?
-579672
In base 6, what is -12522 + 3?
-12515
In base 11, what is -14139 + 24?
-14115
In base 8, what is -1502 + 1333?
-147
In base 8, what is -7637000 + 1?
-7636777
In base 6, what is -11 - -154444?
154433
In base 16, what is 3 + -16097?
-16094
In base 2, what is 101101000110001101 - -1?
101101000110001110
In base 2, what is 1011 + 10001100111?
10001110010
In base 15, what is 88 - -810?
898
In base 14, what is -3ba + da8?
9cc
In base 6, what is 3 - 2053010?
-2053003
In base 12, what is b3 + b052?
b145
In base 12, what is -5 + -494216?
-49421b
In base 12, what is 5 + 145709?
145712
In base 16, what is -4 + 72b?
727
In base 14, what is 1670 - a?
1664
In base 12, what is 12 - 1495b?
-14949
In base 5, what is -10 - -20023443?
20023433
In base 12, what is -24 - 11560?
-11584
In base 2, what is 101000111001 + -11?
101000110110
In base 14, what is -3 + 2278b?
22788
In base 9, what is 123 + 761?
884
In base 4, what is 11 + -133310132?
-133310121
In base 14, what is -5c - 2b9?
-337
In base 8, what is -3676 - -4?
-3672
In base 14, what is 2 + -18b1?
-18ad
In base 3, what is -10 + 1020102121021?
1020102121011
In base 3, what is -11 + 21000212?
21000201
In base 7, what is 164210 + 10?
164220
In base 7, what is -3440 - -1?
-3436
In base 4, what is 122 - -2231?
3013
In base 2, what is -101011 - 10111111101010?
-11000000010101
In base 9, what is -32382 - 0?
-32382
In base 2, what is 101000 - -1011000110000011?
1011000110101011
In base 2, what is -110001111110 + 100?
-110001111010
In base 14, what is -2 + -8150?
-8152
In base 15, what is -156 - -12e?
-27
In base 4, what is 1020033 + -11?
1020022
In base 13, what is -284b3 - 0?
-284b3
In base 4, what is 112 + -20311200?
-20311022
In base 16, what is 48 + 127?
16f
In base 8, what is -224 + -1360?
-1604
In base 3, what is 12 - 220020?
-220001
In base 12, what is -252620 + -4?
-252624
In base 12, what is 0 + -b3803?
-b3803
In base 6, what is -11520530 - -3?
-11520523
In base 5, what is -10224 + -2130?
-12404
In base 6, what is 3 + 40042233?
40042240
In base 5, what is 2124242 - 2?
2124240
In base 16, what is -31 - -6c6?
695
In base 14, what is -3d5b - -10c?
-3c4d
In base 9, what is 413 - -26?
440
In base 16, what is -1d3 + -715?
-8e8
In base 15, what is -25b + -1512?
-176d
In base 3, what is 101101 - -20212?
122020
In base 7, what is -1142 - -31?
-1111
In base 5, what is 1101043 + -31?
1101012
In base 16, what is 1ca + -11f?
ab
In base 16, what is -4 + -18153?
-18157
In base 5, what is -2013122310 + -4?
-2013122314
In base 2, what is 1 - -10011001001100010?
10011001001100011
In base 13, what is 12b88b - 2?
12b889
In base 16, what is 1 - -7b2?
7b3
In base 2, what is -10011010 - 10011101101?
-10110000111
In base 15, what is 13b9 - -2d?
13e7
In base 14, what is 17808b - 0?
17808b
In base 2, what is -101001000110 - -10001101?
-100110111001
In base 2, what is 110000 - -11010000011?
11010110011
In base 12, what is 116a5 - 38?
11669
In base 12, what is -2a7a - 159?
-3017
In base 3, what is 212221 + -1?
212220
In base 3, what is 1 + -102211012101?
-102211012100
In base 13, what is -18aa81 + 1?
-18aa80
In base 5, what is 3041242 - -3?
3041300
In base 16, what is -4 + -1f5380?
-1f5384
In base 11, what is -1985 + -1a8?
-2082
In base 13, what is -1933c + -5?
-19344
In base 5, what is 213414233 - 0?
213414233
In base 11, what is -3 + -989883?
-989886
In base 16, what is -4b + -1f?
-6a
In base 7, what is 132 - 206?
-44
In base 15, what is 84 + -646?
-5b2
In base 16, what is 5 + -1016a?
-10165
In base 15, what is -c1290 - -1?
-c128e
In base 5, what is -4132 + 4203?
21
In base 8, what is -3 - 1454607?
-1454612
In base 3, what is -10221 + 21020010?
21002012
In base 5, what is 11 - -102433?
102444
In base 7, what is 2266652 - 2?
2266650
In base 9, what is 2623 - -6?
2630
In base 4, what is -1 - 1310120?
-1310121
In base 13, what is -4190 - 92?
-4252
In base 15, what is 4d9 + e5?
5ce
In base 15, what is 216 - -185?
39b
In base 16, what is -7f + 75a?
6db
In base 5, what is -1243234311 - -2?
-1243234304
In base 9, what is -112 - 548?
-661
In base 12, what is -4b2 + 400?
-b2
In base 12, what is 7b678 - -4?
7b680
In base 11, what is -13356 - 7?
-13362
In base 5, what is 3324 + -44420?
-41041
In base 11, what is -2 + 267939?
267937
In base 10, what is 0 + -240811?
-240811
In base 9, what is 1655 - -317?
2073
In base 12, what is -179 - -5574?
53b7
In base 3, what is -112200 + 0?
-112200
In base 15, what is -5 + bcd?
bc8
In base 15, what is -2 + 350?
34d
In base 12, what is 5 - 393bb?
-393b6
In base 12, what is 724 + -2a1?
443
In base 6, what is 3532523 + -25?
3532454
In base 12, what is 8b1457 + -4?
8b1453
In base 15, what is 3 - 37b6?
-37b3
In base 16, what is -40520 + 3?
-4051d
In base 13, what is 68ba + 3?
68c0
In base 2, what is 100 + -100100011011110?
-100100011011010
In base 16, what is -1ba2 + -5?
-1ba7
In base 4, what is 12020212033 + 3?
12020212102
In base 12, what is -75 - 1122?
-1197
In base 13, what is -49b7 - -c?
-49a8
In base 3, what is -100 + -210000211?
-210001011
In base 2, what is -1101101100100110 - 110110?
-1101101101011100
In base 6, what is -1140 + 1555?
415
In base 5, what is -102012 + 101?
-101411
In base 8, what is -20114 + 22?
-20072
In base 9, what is 608 - 657?
-48
In base 7, what is -142 - 21360?
-21532
In base 2, what is -111000 + 10110000000001?
10101111001001
In base 5, what is -4 + -1433111?
-1433120
In base 2, what is 110 + 111111110111000?
111111110111110
In base 15, what is 13 + 1678?
168b
In base 10, what is -7 + -40591?
-40598
In base 4, what is -12031 - -3221?
-2210
In base 5, what is -1320422201 + 0?
-1320422201
In base 5, what is 110 - -1202043?
1202203
In base 2, what is 101101100101100 - 111?
101101100100101
In base 5, what is 203 + -302?
-44
In base 11, what is -147492 + 5?
-147488
In base 7, what is 16464606 - 4?
16464602
In base 6, what is -142041 - 4?
-142045
In base 8, what is -12 + -16433?
-16445
In base 5, what is -22 + -32230?
-32302
In base 13, what is 4 + -41a1?
-419a
In base 16, what is 3 + -c55?
-c52
In base 2, what is -111101 - 11100001000000?
-11100001111101
In base 6, what is 2 + 10323?
10325
In base 11, what is -812896 + 3?
-812893
In base 15, what is 778 + -662?
116
In base 16, what is 1 - 1c44?
-1c43
In base 16, what is -3 - bd92?
-bd95
In base 11, what is -61a - -46?
-584
In base 15, what is -3326 - -20?
-3306
In base 7, what is 10 + 430265?
430305
In base 12, what is 8b55 + -12b?
8a26
In base 8, what is -1 - 20442?
-20443
In base 3, what is -2021120 - -2211?
-2011202
In base 9, what is 1080 - 48?
1031
In base 13, what is -72731 - 18?
-72749
In base 16, what is -3 + 1c5?
1c2
In base 15, what is 850c - 8c?
8470
In base 16, what is -5 - 124a?
-124f
In base 6, what is -133 - 4041?
-4214
In base 14, what is -5120 + 1b?
-5103
In base 10, what is -7751 - -20?
-7731
In base 7, what is -3 - -505210?
505204
In base 14, what is -51 + 499?
448
In base 10, what is 401 + 1?
402
In base 8, what is 2 + -272?
-270
In base 11, what is 3a25 - -14a?
4074
In base 11, what is 1a31 + -52?
198a
In base 2, what is -101110010 - -10101100?
-11000110
In base 9, what is -1548 + -258?
-1817
In base 15, what is -dd1 + -32?
-e13
In base 13, what is 4562 - -8?
456a
In base 13, what is -35796 - 9?
-357a2
In base 13, what is -586a6 - 2?
-586a8
In base 7, what is -42664455 + 2?
-42664453
In base 12, what is -12 + 573a?
5728
In base 5, what is 20141 + -202?
14434
In base 15, what is c260 + 1?
c261
In base 14, what is 123 + 134?
257
In base 6, what is -1 + 1043440?
1043435
In base 5, what is 3 + -4422?
-4414
In base 6, what is -4140 - -425?
-3311
In base 9, what is 1 - -246350?
246351
In base 6, what is 254521 - -52?
255013
In base 2, what is 100 - 1011100000111?
-1011100000011
In base 15, what is 4 - -15456?
1545a
In base 3, what is -2200 + -2020202112?
-2020212012
In base 6, what is 35 + 1053340?
1053415
In base 13, what is 76148 + -a?
7613b
In base 15, what is -1d0c + -a4?
-1db1
In base 15, what is 5 + 9d34e?
9d354
In base 2, what is 1100 + -1111010000111011?
-1111010000101111
In base 2, what is -11010100 - 11111001111100?
-11111101010000
In base 16, what is -3 - 364de?
-364e1
In base 13, what is -389c4 - 1c?
-38a13
In base 15, what is -16 - -7?
-e
In base 